(-8)?
2, 17
Let a be 3/(-6*1/(-4)). Suppose w + 6 + 27 = 3*h, -a*w = -h + 11. List the prime factors of h.
11
Let s(m) = -17*m + 9. Let w be s(5). Let y = w - -125. List the prime factors of y.
7
Suppose 6*f - 28 = -8*f. What are the prime factors of f?
2
Let i(l) = 12*l + 5. Let p(t) = 23*t + 11. Let k(w) = -5*i(w) + 2*p(w). Let o be k(3). What are the prime factors of (-1)/(-2) + o/(-6)?
2
Let l be ((-12)/14)/(2/(-14)). Let c be 1 - (6 + 0)*-2. Suppose o + l = c. List the prime factors of o.
7
Suppose 0 = -5*i + 3*i. Suppose i = -s + 5*u + 25, s - 32 = -0*u - 2*u. List the prime factors of s.
2, 3, 5
Let n(y) = 9*y**2 - 4*y - 5. List the prime factors of n(6).
5, 59
Suppose -670 = -4*k + 4*m - 2*m, -m = 3. What are the prime factors of k?
2, 83
Let h(s) = 16*s - 2. Let y be h(3). Let i = y - 33. Let r = 26 - i. What are the prime factors of r?
13
Let o(s) = -2*s**2 - 2*s + 1. Let q be o(1). Let b be ((-4)/(-3))/(q/(-54)). Suppose x + 2*x = b. What are the prime factors of x?
2
Let y = -5 - -8. Suppose 6 = 3*j - y. Let d = j - -8. What are the prime factors of d?
11
Suppose 2*c + 2 = 0, 3*d + 4*c - 10 = 64. What are the prime factors of d?
2, 13
Let h(k) = -4*k - 4 - 2*k + k. Let q(l) = -l - 7. Let f be q(-4). What are the prime factors of h(f)?
11
Let d(k) = 10*k**2 + 1. Let m be d(-1). Suppose 0*a + a = m. List the prime factors of a.
11
Let d = 4 - -1. Suppose 0 = -3*y + 4*w - 20, 3*y - w = -2*w + d. Suppose -x - 4*x + 30 = y. List the prime factors of x.
2, 3
Let h(c) = -c**2 + 7*c - 3. Let q be h(6). Let f(s) = -s**2 + 6*s. Let p be f(3). Let r = p + q. List the prime factors of r.
2, 3
Suppose 37 + 17 = 3*u. List the prime factors of u.
2, 3
Let b be (1 - -1) + (-7 - -10). Suppose -5*v = 4*d - 66 + 10, -b*v - 56 = -4*d. List the prime factors of d.
2, 7
Let t(c) = 3*c**2 + 8*c + 8. List the prime factors of t(-6).
2, 17
Let c = -86 - -200. List the prime factors of c.
2, 3, 19
Let b(j) = -5*j**2 - 11*j + 7. Let y(p) = -p**2. Let r(m) = -b(m) + 6*y(m). Suppose 2*n = 2 + 8. List the prime factors of r(n).
23
Let m(j) = -2*j + 4. Let l be m(4). List the prime factors of 2/4 - 62/l.
2
Let i(t) = -t**2 + 14*t - 1. Let z be i(7). Let o = z - 32. What are the prime factors of o?
2
Suppose -4*j = z - 435, 3*j - 305 = z - 6*z. What are the prime factors of j?
2, 5, 11
Suppose 2*t = 4*r + 2, -4*t = -8*t + 20. What are the prime factors of -2*(-5)/r + 3?
2
Let f = 14 + -14. Suppose 3*t + 21 - 5 = 2*u, 0 = -5*u + 5*t + 30. Suppose -45 = -5*q - 4*g, 0 = -u*q - 5*g - f*g + 35. List the prime factors of q.
5
Suppose n = -4*n + 65. Let y(g) = -g**2 + 5*g + 4. Let v be y(5). Suppose 19 + n = v*l. What are the prime factors of l?
2
Suppose 4*k = 5*k. Suppose k*a = -6*a + 108. What are the prime factors of a?
2, 3
Let p(t) = 2*t - 5. Let l be p(6). Suppose 5*k - 23 = l. List the prime factors of k.
2, 3
Suppose 3*j + 3 = -0. Let c = 29 - j. Suppose 3*l - 29 = -4*n, 5*l - c = 3*n - 1. List the prime factors of l.
7
Suppose 4*h = -0*h + 44. Let q be 2/16 - (-123)/(-24). Let u = q + h. List the prime factors of u.
2, 3
List the prime factors of -4 + (74 + -3 - -4).
71
Let s(r) = -2*r**2 - 8*r + 10. Let n be s(-5). Let u = n + 15. What are the prime factors of u?
3, 5
Let j = 11 - 4. Suppose 33 + j = 5*t. Let v = t + -3. What are the prime factors of v?
5
Let c(l) = l**2 + 2*l + 2. Let s be c(-2). Suppose -2*h + 0*b + s*b = -32, -43 = -3*h + 4*b. Suppose 5*j - h = 19. What are the prime factors of j?
2
Suppose -3*n + 2*n - 140 = -2*i, 2*n = i - 64. List the prime factors of i.
2, 3
Let l = -19 + 199. What are the prime factors of l?
2, 3, 5
Let j(r) = -6*r**2 - 16*r - 11. Let a(f) = -5*f**2 - 15*f - 10. Let x(z) = 5*a(z) - 4*j(z). Let c be x(-10). Suppose c*p - 10 = 2. List the prime factors of p.
3
Let k = 0 + 0. Let p = 2 + k. Suppose -p = -c + 3*v, -v + 4*v = -4*c + 23. List the prime factors of c.
5
Suppose -u - 4 = 0, -2*f - 5*u = 2*f - 360. What are the prime factors of f?
5, 19
What are the prime factors of (4 - 1)/(-3)*-71?
71
Let n(t) = t**3 + 11*t**2 - 11*t - 17. What are the prime factors of n(-11)?
2, 13
Suppose r + 2*c = 93, 2*c + 623 - 201 = 4*r. What are the prime factors of r?
103
Let h be 3/(-6)*4 - -6. Suppose -4*l = -5*l + h*o + 31, 5 = -5*o. What are the prime factors of l?
3
Suppose -199 + 57 = -2*r - y, -4*r + 312 = -5*y. List the prime factors of r.
73
Suppose 0 = -0*r + 2*r - 10. List the prime factors of r.
5
List the prime factors of (3/2)/((-2)/(-28)).
3, 7
Suppose -3*n = -4 - 14. Suppose -3*h = -n*h + 45. List the prime factors of h.
3, 5
Let n be 2/(-4) - (-76)/(-8). Let i be (-2)/4 - (-6)/(-4). Let s = i - n. What are the prime factors of s?
2
Let a(u) = 2*u**2 - 6*u - 11. Let n = -2 - -4. Let z(m) = -m**2 + 6*m + 10. Let h(i) = n*a(i) + 3*z(i). What are the prime factors of h(-6)?
2
Suppose 3*l + q = l + 2, 5*l - 4*q = 5. List the prime factors of (l*-2)/2*-5.
5
Let t = 6 + -1. Suppose -b + t*w = -18, w = -b - 0*w. List the prime factors of b.
3
Suppose -5*f - 33 = -6*f. Suppose f = 4*q - 2*m - 69, -m + 138 = 5*q. List the prime factors of q.
3
Let x(z) = 2*z + 4. Let t be x(-2). Suppose -93 = -3*f + 3*n, t = 2*f - 4*n - 68. What are the prime factors of f?
2, 7
Let q be 2/6 - 40/(-6). Suppose -q*m + 239 = -27. List the prime factors of m.
2, 19
Suppose -3*r = -39 - 45. List the prime factors of r.
2, 7
Let p(k) = 5*k**2 + k - 3. What are the prime factors of p(-3)?
3, 13
Suppose 0 = -5*v - 10, -2*i = 3*i - 4*v - 208. What are the prime factors of i?
2, 5
Let m(a) = a + 9. Let g be m(-7). Suppose 2*i = -2*o - g*i - 2, -4*o + 4 = 4*i. What are the prime factors of o?
3
List the prime factors of (-2 - 0)*-2*2.
2
Suppose v = -44 + 227. What are the prime factors of v?
3, 61
What are the prime factors of (19 + 1)*4/10?
2
List the prime factors of 2192/64 - 1/4.
2, 17
Suppose 0 = 3*s - 0*s - 33. Suppose 2*y + 5*m - 5 + s = 0, 0 = -4*y - m + 24. List the prime factors of y.
7
Let m = 68 - 35. What are the prime factors of m?
3, 11
Suppose 5*h - 77 = 63. What are the prime factors of h?
2, 7
Let q be (8/(-5))/((-1)/(-10)). List the prime factors of ((-60)/q)/((-6)/(-32)).
2, 5
Suppose 65 = 2*a - 3*b, -b + 5 = a - 35. List the prime factors of a.
37
Suppose -1 = -k + 1. Let p be k/4 - (-18)/4. Suppose p*y - 17 = -2. List the prime factors of y.
3
Let u(z) = -z + 6. Let s be u(5). Suppose 4 = r + s. What are the prime factors of r?
3
Suppose -k + 4*k = -5*z + 59, k - 21 = -3*z. What are the prime factors of k?
2, 3
Let d be (-1 + 5 - 2) + 3. Suppose -30 = -d*v - 10. Suppose -v = -3*j + 2. What are the prime factors of j?
2
Suppose -2*k - k - 5*y + 37 = 0, 0 = -k + y - 1. Suppose 5*s - 34 = k*p, 4*s - 2*p - 32 = -0*p. What are the prime factors of s?
2, 5
Suppose w + 2*a + 47 = 4*w, 0 = 2*a - 4. Let o(n) = 4*n. Let c be o(-3). Let r = c + w. What are the prime factors of r?
5
Suppose -7 - 8 = -v. List the prime factors of v.
3, 5
Let k = 28 - 50. Let b = -10 - k. List the prime factors of b.
2, 3
Suppose 4*y + 4*a = -77 + 329, 5*y - a - 291 = 0. What are the prime factors of y?
59
Let r(i) be the first derivative of 1/3*i**3 - 2*i - 1/2*i**2 - 2. What are the prime factors of r(-2)?
2
Let x(r) = 5*r - 1. Let c be x(1). Suppose 2*m - 28 = c. List the prime factors of m.
2
Let l(y) be the third derivative of 0*y + 1/6*y**3 - 1/12*y**4 + 17/60*y**5 + 0 - 4*y**2. List the prime factors of l(1).
2
Suppose -2*r - 3*r + 40 = 0. Suppose -3*s = -r*s + 10. What are the prime factors of 0 - s*3/(-3)?
2
Suppose -40 = -5*h - 0*h. List the prime factors of h.
2
Let y be (15/9)/(1/3). Suppose -5*x - 190 = -y*i, 0 = 5*x - 5 + 20. What are the prime factors of i?
5, 7
Suppose -2*l + 228 = -5*b - 29, b = 2*l - 253. What are the prime factors of l?
2, 3, 7
List the prime factors of (-4 - -5)*-1*-52.
2, 13
Suppose 2*s + 4 = 14. Suppose 55 = s*f - p - 9, 0 = 2*f - 5*p - 21. List the prime factors of f.
13
Let l = -7 - 0. Let i = 12 + l. List the prime factors of i.
5
Let v = 17 - 3. List the prime factors of v.
2, 7
Suppose 7*c - 3*c + 1636 = 5*j, -4*j = -4*c - 1312. List the prime factors of j.
2, 3
Let f be 3*(0/3 - -1). Suppose -316 = -f*v + 2*q, 4*v - 676 + 256 = 3*q. Suppose -33 + v = 5*c. What are the prime factors of c?
3, 5
List the prime factors